69.
3, 23, 4507
List the prime factors of 3748296138.
2, 3, 10141, 61603
What are the prime factors of 3711630315?
3, 5, 17, 101, 211, 683
List the prime factors of 76229615.
5, 7, 11, 17, 19, 613
List the prime factors of 4668676276.
2, 11, 19, 2063, 2707
List the prime factors of 1790597895.
3, 5, 29, 4116317
List the prime factors of 34253121.
3, 7, 1631101
What are the prime factors of 149803523?
47, 3187309
What are the prime factors of 162311665?
5, 17, 223, 8563
What are the prime factors of 266012436?
2, 3, 641, 34583
List the prime factors of 151987992.
2, 3, 13, 19, 25639
What are the prime factors of 267456530?
2, 5, 11, 31, 41, 1913
List the prime factors of 113116050.
2, 3, 5, 173, 1453
List the prime factors of 868036528.
2, 43, 239, 5279
List the prime factors of 267226607.
631, 423497
What are the prime factors of 40032059?
17, 673, 3499
What are the prime factors of 1115698260?
2, 3, 5, 23, 59, 71, 193
What are the prime factors of 5066421119?
5066421119
What are the prime factors of 3417322505?
5, 1109, 616289
What are the prime factors of 3052326627?
3, 7, 48449629
List the prime factors of 69420405.
3, 5, 523, 8849
What are the prime factors of 67818843?
3, 2511809
What are the prime factors of 204153392?
2, 12759587
What are the prime factors of 13788455?
5, 2757691
List the prime factors of 323918094.
2, 3, 139, 388391
What are the prime factors of 127500588?
2, 3, 29, 40709
List the prime factors of 4138712154.
2, 3, 229928453
What are the prime factors of 1523342?
2, 761671
What are the prime factors of 474549?
3, 317, 499
List the prime factors of 503864291.
7, 79, 911147
What are the prime factors of 61818075?
3, 5, 11, 24977
List the prime factors of 231131216.
2, 14445701
List the prime factors of 292914861.
3, 401, 243487
List the prime factors of 201261540.
2, 3, 5, 3354359
What are the prime factors of 1196443548?
2, 3, 113, 3631
List the prime factors of 19949508.
2, 3, 107, 5179
List the prime factors of 64492057.
7, 41, 224711
List the prime factors of 173486608.
2, 23, 103, 199
List the prime factors of 61740117.
3, 2286671
List the prime factors of 15180701.
41, 370261
List the prime factors of 6014548.
2, 1503637
List the prime factors of 1025306367.
3, 19, 2111, 8521
What are the prime factors of 83624782?
2, 41812391
List the prime factors of 1326054808.
2, 13, 17, 199, 3769
List the prime factors of 87594078.
2, 3, 11, 13, 9281
List the prime factors of 487511520.
2, 3, 5, 73, 13913
List the prime factors of 31786331.
43, 739217
What are the prime factors of 77769389?
2617, 29717
List the prime factors of 601449331.
7, 167, 514499
List the prime factors of 306568790.
2, 5, 11, 617, 4517
List the prime factors of 6951214.
2, 97, 35831
List the prime factors of 686984473.
7, 98140639
What are the prime factors of 2106826577?
2106826577
List the prime factors of 229805314.
2, 73, 1574009
What are the prime factors of 867445699?
83, 1129, 9257
List the prime factors of 586410.
2, 3, 5, 11, 1777
List the prime factors of 122029426.
2, 53, 1151221
List the prime factors of 157056368.
2, 7, 163, 1229
What are the prime factors of 112501241?
67, 1679123
What are the prime factors of 43301440?
2, 5, 7, 13, 1487
List the prime factors of 597671219.
597671219
List the prime factors of 130014606.
2, 3, 17, 19, 73, 919
List the prime factors of 256834755.
3, 5, 439, 13001
List the prime factors of 3124159610.
2, 5, 11, 13, 2184727
List the prime factors of 8008882.
2, 7, 572063
List the prime factors of 5408338990.
2, 5, 540833899
List the prime factors of 4787111942.
2, 8819, 271409
List the prime factors of 106338580.
2, 5, 5316929
What are the prime factors of 78045921?
3, 8671769
What are the prime factors of 36128163?
3, 12042721
List the prime factors of 74308202.
2, 19, 281, 6959
List the prime factors of 3068982178.
2, 127, 2333, 5179
What are the prime factors of 288103704?
2, 3, 7, 23, 74561
List the prime factors of 3030684052.
2, 11, 1741, 39563
What are the prime factors of 531941281?
179, 379, 7841
List the prime factors of 134026716.
2, 3, 11168893
What are the prime factors of 1578661666?
2, 43, 18356531
List the prime factors of 55658765.
5, 17, 409, 1601
List the prime factors of 390031405.
5, 78006281
List the prime factors of 206391966.
2, 3, 11, 503, 6217
List the prime factors of 4388252103.
3, 19, 1350647
What are the prime factors of 279315363?
3, 31, 3003391
What are the prime factors of 7338759648?
2, 3, 11, 17, 139, 173
List the prime factors of 22640262.
2, 3, 3773377
What are the prime factors of 124870715?
5, 307, 81349
What are the prime factors of 348438811?
7, 49776973
List the prime factors of 92903438.
2, 46451719
List the prime factors of 18931789.
271, 69859
What are the prime factors of 155528906?
2, 13, 113, 52937
What are the prime factors of 1472722581?
3, 11, 37, 47, 2333
What are the prime factors of 1147512595?
5, 229502519
What are the prime factors of 5467840745?
5, 1093568149
List the prime factors of 168790785.
3, 5, 71, 158489
List the prime factors of 5722775758.
2, 7, 58395671
List the prime factors of 45475969.
7, 11, 17, 709
What are the prime factors of 22696633?
22696633
List the prime factors of 2185104230.
2, 5, 218510423
What are the prime factors of 389662329?
3, 7, 433, 42853
List the prime factors of 668083535.
5, 7, 463, 41227
What are the prime factors of 890959411?
890959411
What are the prime factors of 336999432?
2, 3, 7, 11, 17, 631
What are the prime factors of 319829326?
2, 109, 1467107
List the prime factors of 73920519.
3, 47, 19417
List the prime factors of 55251647.
11, 857, 5861
List the prime factors of 60949298.
2, 389, 78341
List the prime factors of 2505614091.
3, 31, 26942087
What are the prime factors of 104642032?
2, 11, 457, 1301
List the prime factors of 65015797.
7, 11, 120623
What are the prime factors of 185327782?
2, 4799, 19309
What are the prime factors of 56231318?
2, 11, 13, 196613
List the prime factors of 67376193.
3, 29, 774439
What are the prime factors of 5424819273?
3, 157, 3839221
What are the prime factors of 557956890?
2, 3, 5, 2066507
What are the prime factors of 145084942?
2, 1777, 40823
What are the prime factors of 46105052?
2, 7, 1646609
List the prime factors of 546304376.
2, 113, 604319
List the prime factors of 151350735.
3, 5, 769, 13121
List the prime factors of 2285345664.
2, 3, 7, 31489
What are the prime factors of 49379701?
7, 1007749
What are the prime factors of 728653534?
2, 7, 19, 2739299
What are the prime factors of 163422494?
2, 409, 199783
What are the prime factors of 36075909?
3, 31, 387913
What are the prime factors of 214502409?
3, 11, 2166691
What are the prime factors of 183582440?
2, 5, 4589561
List the prime factors of 5658523987.
509, 11116943
What are the prime factors of 12851155?
5, 89, 28879
List the prime factors of 50570864.
2, 631, 5009
What are the prime factors of 640837606?
2, 320418803
List the prime factors of 76090695.
3, 5, 131, 38723
List the prime factors of 835171044.
2, 3, 811, 85817
What are the prime factors of 3923562704?
2, 245222669
List the prime factors of 4083653569.
35437, 115237
List the prime factors of 3092838611.
17, 443, 463, 887
List the prime factors of 2007947549.
2007947549
List the prime factors of 1359485012.
2, 23, 151, 97861
What are the prime factors of 31048387?
191, 162557
List the prime factors of 180713471.
29, 73, 85363
List the prime factors of 1371547679.
1371547679
List the prime factors of 34783615.
5, 17, 29, 103, 137
List the prime factors of 1943946474.
2, 3, 323991079
What are the prime factors of 1393248276?
2, 3, 7, 23, 29, 307
What are the prime factors of 116065426?
2, 17, 31, 110119
List the prime factors of 175756642.
2, 17, 673, 7681
What are the prime factors of 307229634?
2, 3, 17068313
List the prime factors of 5760438884.
2, 10859, 132619
What are the prime factors of 3859203801?
3, 131, 9819857
List the prime factors of 116749238.
2, 229, 254911
What are the prime factors of 55545587?
47, 907, 1303
List the prime factors of 174262134.
2, 3, 29043689
List the prime factors of 103575543.
3, 17, 37, 131, 419
What are the prime factors of 499352503?
13, 38411731
List the prime factors of 654081315.
3, 5, 43605421
What are